 highest common factor of 73 and 196589?
73
Calculate the highest common divisor of 500 and 851300.
100
What is the highest common factor of 232 and 4316?
4
Calculate the greatest common divisor of 1304908 and 940.
188
Calculate the highest common divisor of 3087 and 13104.
63
Calculate the greatest common divisor of 1888 and 4352.
32
What is the highest common factor of 667603 and 3895?
779
What is the greatest common factor of 2212 and 59882?
158
Calculate the greatest common factor of 4338 and 27956.
482
Calculate the greatest common factor of 1383 and 3.
3
What is the greatest common factor of 313 and 31613?
313
Calculate the greatest common divisor of 1209 and 441688.
403
Calculate the highest common factor of 260 and 2855.
5
Calculate the highest common divisor of 2 and 49129.
1
Calculate the greatest common divisor of 3904 and 1264.
16
What is the greatest common divisor of 2881 and 354095?
67
Calculate the highest common divisor of 112995 and 310.
155
Calculate the greatest common factor of 85206 and 594.
66
What is the highest common factor of 85 and 518075?
85
What is the greatest common divisor of 20581 and 507041?
1871
Calculate the highest common factor of 41919 and 9078.
267
What is the greatest common divisor of 60980 and 160?
20
What is the highest common divisor of 10260 and 31212?
108
What is the highest common factor of 524 and 2036264?
524
What is the highest common factor of 207 and 7713?
9
Calculate the highest common divisor of 194 and 210296.
194
What is the greatest common factor of 791388 and 63?
9
What is the highest common factor of 114 and 217094?
38
Calculate the greatest common factor of 570 and 162108.
114
Calculate the highest common divisor of 72 and 1300284.
36
What is the highest common divisor of 279 and 53382?
93
What is the greatest common factor of 2024 and 73876?
1012
What is the highest common divisor of 9327098 and 506?
506
Calculate the highest common divisor of 800 and 4060.
20
Calculate the highest common divisor of 20 and 20870.
10
What is the greatest common factor of 1092 and 34034?
182
Calculate the highest common factor of 2654 and 18.
2
What is the highest common divisor of 2552844 and 252?
84
Calculate the greatest common divisor of 1173705 and 104.
13
Calculate the highest common divisor of 48075 and 45.
15
Calculate the greatest common divisor of 48 and 8722200.
24
Calculate the greatest common divisor of 11096 and 638312.
584
What is the highest common divisor of 914872 and 238?
238
What is the greatest common factor of 25 and 58325?
25
What is the highest common divisor of 5049 and 357?
51
What is the highest common factor of 30681 and 63?
63
What is the highest common divisor of 1885 and 52403?
377
Calculate the greatest common factor of 17 and 9720379.
17
Calculate the highest common factor of 9752 and 742.
106
What is the highest common divisor of 23 and 1854329?
23
What is the greatest common factor of 2471875 and 175?
175
What is the greatest common divisor of 356486 and 78?
26
Calculate the highest common divisor of 460 and 150765.
115
Calculate the greatest common factor of 9090 and 882.
18
What is the highest common divisor of 60007 and 46?
23
Calculate the greatest common divisor of 1885078 and 104.
26
Calculate the greatest common factor of 3897 and 108.
9
What is the highest common factor of 140558 and 154?
22
What is the greatest common factor of 19392 and 9024?
192
Calculate the greatest common divisor of 15 and 426633.
3
What is the highest common factor of 1540 and 2170?
70
What is the highest common factor of 59108 and 112?
28
Calculate the highest common divisor of 905 and 139913.
181
Calculate the highest common divisor of 7704 and 873.
9
What is the highest common factor of 17076 and 108?
12
Calculate the greatest common divisor of 384 and 13500.
12
What is the greatest common factor of 3240 and 912?
24
What is the greatest common factor of 896 and 76426?
14
Calculate the greatest common factor of 167783 and 1848.
77
Calculate the highest common divisor of 6666 and 2794.
22
Calculate the highest common divisor of 24 and 122082.
6
Calculate the greatest common divisor of 23939 and 84110.
647
Calculate the highest common divisor of 12976060 and 40.
20
What is the greatest common factor of 34100 and 248?
124
What is the highest common divisor of 29291 and 17?
17
Calculate the greatest common divisor of 30 and 1069170.
30
What is the highest common factor of 106430 and 174?
58
What is the highest common factor of 1161 and 5289?
129
What is the greatest common divisor of 980 and 953344?
196
Calculate the greatest common divisor of 6 and 6729.
3
What is the highest common factor of 160 and 7264?
32
What is the greatest common factor of 73 and 123662?
73
What is the highest common divisor of 3754795 and 2330?
1165
Calculate the greatest common divisor of 1534 and 4394.
26
Calculate the highest common divisor of 892967 and 923.
71
Calculate the greatest common factor of 330809 and 874.
437
Calculate the highest common divisor of 67335 and 15.
15
What is the greatest common divisor of 103558 and 832?
26
Calculate the greatest common factor of 741 and 300963.
39
What is the highest common factor of 14156461 and 187?
187
What is the greatest common divisor of 820 and 23165?
205
What is the greatest common divisor of 207 and 10944?
9
What is the highest common divisor of 171212 and 92?
92
What is the greatest common factor of 716765 and 70?
35
What is the highest common factor of 1496 and 94?
2
Calculate the greatest common factor of 837 and 908331.
93
Calculate the greatest common factor of 20764 and 812.
116
What is the greatest common factor of 328 and 696?
8
What is the highest common factor of 472383 and 144?
9
Calculate the highest common divisor of 404 and 1484.
4
What is the greatest common factor of 5525 and 53261?
221
Calculate the highest common divisor of 120 and 1392540.
60
What is the highest common factor of 7 and 11400823?
7
Calculate the greatest common divisor of 4038 and 378.
6
Calculate the highest common factor of 510 and 39984.
102
What is the greatest common factor of 52 and 221?
13
Calculate the greatest common factor of 3975 and 775.
25
What is the highest common factor of 12 and 44588?
4
What is the greatest common factor of 102710 and 20?
10
What is the highest common factor of 2050 and 44225?
25
What is the greatest common divisor of 24 and 1639784?
8
Calculate the highest common divisor of 170 and 2312.
34
Calculate the highest common factor of 693993 and 6.
3
Calculate the highest common factor of 1720807 and 11.
11
Calculate the highest common divisor of 17 and 14093.
17
Calculate the greatest common factor of 28 and 7294.
14
What is the greatest common divisor of 20898 and 121986?
486
Calculate the greatest common factor of 553 and 854.
7
What is the highest common factor of 61 and 1647?
61
What is the greatest common divisor of 6027 and 52152?
123
Calculate the greatest common divisor of 1117215 and 222.
111
What is the greatest common factor of 2030 and 1141?
7
Calculate the highest common divisor of 4 and 57344.
4
What is the greatest common divisor of 48 and 2087952?
48
Calculate the highest common factor of 410 and 52685.
205
What is the greatest common divisor of 756 and 8428?
28
What is the greatest common divisor of 833 and 10241?
49
What is the highest common divisor of 284 and 1007774?
142
What is the greatest common divisor of 237 and 73786?
79
What is the greatest common divisor of 13596 and 48513?
309
Calculate the highest common divisor of 141584 and 60.
4
Calculate the highest common divisor of 516716 and 404.
404
What is the highest common factor of 71770 and 200?
10
Calculate the greatest common divisor of 276741 and 97.
97
What is the highest common factor of 2 and 306744?
2
What is the greatest common factor of 4215963 and 1062?
177
What is the highest common divisor of 17917 and 369?
41
What is the highest common divisor of 266 and 643378?
38
Calculate the highest common factor of 35360 and 4212.
52
Calculate the greatest common divisor of 81141 and 12580.
629
Calculate the greatest common factor of 600 and 1415800.
200
Calculate the highest common divisor of 456 and 10317.
57
Calculate the highest common divisor of 44330 an